{"id":19,"date":"2019-10-18T13:25:39","date_gmt":"2019-10-18T13:25:39","guid":{"rendered":"https:\/\/new.fecolparaatletismo.com\/?page_id=19"},"modified":"2023-08-17T10:50:12","modified_gmt":"2023-08-17T15:50:12","slug":"noticias","status":"publish","type":"page","link":"https:\/\/fecolboccia.co\/index.php\/noticias\/","title":{"rendered":"Noticias"},"content":{"rendered":"<p><div class=\"fusion-fullwidth fullwidth-box fusion-builder-row-1 fusion-flex-container has-pattern-background has-mask-background fusion-parallax-none nonhundred-percent-fullwidth non-hundred-percent-height-scrolling lazyload\" style=\"--awb-background-position:left top;--awb-border-radius-top-left:0px;--awb-border-radius-top-right:0px;--awb-border-radius-bottom-right:0px;--awb-border-radius-bottom-left:0px;--awb-padding-bottom:200px;--awb-background-size:cover;--awb-flex-wrap:wrap;\" data-bg=\"https:\/\/fecolboccia.co\/wp-content\/uploads\/2023\/07\/fondo-5.png\" ><div class=\"fusion-builder-row fusion-row fusion-flex-align-items-center fusion-flex-justify-content-center fusion-flex-content-wrap\" style=\"max-width:1185.6px;margin-left: calc(-4% \/ 2 );margin-right: calc(-4% \/ 2 );\"><div class=\"fusion-layout-column fusion_builder_column fusion-builder-column-0 fusion_builder_column_2_5 2_5 fusion-flex-column\" style=\"--awb-padding-bottom:30px;--awb-bg-size:cover;--awb-width-large:40%;--awb-margin-top-large:0px;--awb-spacing-right-large:0%;--awb-margin-bottom-large:0px;--awb-spacing-left-large:0%;--awb-width-medium:100%;--awb-order-medium:0;--awb-spacing-right-medium:1.92%;--awb-spacing-left-medium:1.92%;--awb-width-small:100%;--awb-order-small:0;--awb-spacing-right-small:1.92%;--awb-spacing-left-small:1.92%;\"><div class=\"fusion-column-wrapper fusion-column-has-shadow fusion-flex-justify-content-flex-start fusion-content-layout-column\"><div class=\"fusion-separator\" style=\"align-self: center;margin-left: auto;margin-right: auto;width:100%;max-width:50 px;\"><\/div><\/div><\/div><\/div><\/div><div class=\"fusion-fullwidth fullwidth-box fusion-builder-row-2 fusion-flex-container has-pattern-background has-mask-background nonhundred-percent-fullwidth non-hundred-percent-height-scrolling\" style=\"--awb-border-radius-top-left:0px;--awb-border-radius-top-right:0px;--awb-border-radius-bottom-right:0px;--awb-border-radius-bottom-left:0px;--awb-flex-wrap:wrap;\" ><div class=\"fusion-builder-row fusion-row fusion-flex-align-items-flex-start fusion-flex-content-wrap\" style=\"max-width:1185.6px;margin-left: calc(-4% \/ 2 );margin-right: calc(-4% \/ 2 );\"><div class=\"fusion-layout-column fusion_builder_column fusion-builder-column-1 fusion_builder_column_1_1 1_1 fusion-flex-column\" style=\"--awb-bg-size:cover;--awb-width-large:100%;--awb-margin-top-large:0px;--awb-spacing-right-large:1.92%;--awb-margin-bottom-large:20px;--awb-spacing-left-large:1.92%;--awb-width-medium:100%;--awb-order-medium:0;--awb-spacing-right-medium:1.92%;--awb-spacing-left-medium:1.92%;--awb-width-small:100%;--awb-order-small:0;--awb-spacing-right-small:1.92%;--awb-spacing-left-small:1.92%;\"><div class=\"fusion-column-wrapper fusion-column-has-shadow fusion-flex-justify-content-flex-start fusion-content-layout-column\"><div class=\"fusion-title title fusion-title-1 fusion-sep-none fusion-title-text fusion-title-size-one\" style=\"--awb-text-color:var(--awb-color7);--awb-margin-top-small:0px;--awb-margin-right-small:0px;--awb-margin-bottom-small:20px;--awb-margin-left-small:0px;\"><h1 class=\"fusion-title-heading title-heading-left fusion-responsive-typography-calculated\" style=\"margin:0;text-transform:uppercase;--fontSize:34;line-height:var(--awb-typography1-line-height);\">Noticias FecolBoccia<\/h1><\/div><div class=\"fusion-recent-posts fusion-recent-posts-1 avada-container layout-default layout-columns-3\"><section class=\"fusion-columns columns fusion-columns-3 columns-3\"><article class=\"post fusion-column column col col-lg-4 col-md-4 col-sm-4\"><div class=\"fusion-flexslider fusion-flexslider-loading flexslider flexslider-hover-type-none\"><ul class=\"slides\"><li><a href=\"https:\/\/fecolboccia.co\/index.php\/2023\/09\/10\/exito-de-colombia-en-la-fortaleza-2023-world-boccia-cup\/\" aria-label=\"\u00c9XITO DE COLOMBIA EN LA FORTALEZA 2023 WORLD BOCCIA CUP\" class=\"hover-type-none\"><img decoding=\"async\" width=\"700\" height=\"441\" src=\"https:\/\/fecolboccia.co\/wp-content\/uploads\/2023\/09\/WhatsApp-Image-2023-09-12-at-09.03.34-700x441.jpeg\" class=\"attachment-recent-posts size-recent-posts lazyload\" alt=\"\" srcset=\"data:image\/svg+xml,%3Csvg%20xmlns%3D%27http%3A%2F%2Fwww.w3.org%2F2000%2Fsvg%27%20width%3D%271600%27%20height%3D%271066%27%20viewBox%3D%270%200%201600%201066%27%3E%3Crect%20width%3D%271600%27%20height%3D%271066%27%20fill-opacity%3D%220%22%2F%3E%3C%2Fsvg%3E\" data-orig-src=\"https:\/\/fecolboccia.co\/wp-content\/uploads\/2023\/09\/WhatsApp-Image-2023-09-12-at-09.03.34-700x441.jpeg\" data-srcset=\"https:\/\/fecolboccia.co\/wp-content\/uploads\/2023\/09\/WhatsApp-Image-2023-09-12-at-09.03.34-320x202.jpeg 320w, https:\/\/fecolboccia.co\/wp-content\/uploads\/2023\/09\/WhatsApp-Image-2023-09-12-at-09.03.34-700x441.jpeg 700w\" data-sizes=\"auto\" \/><\/a><\/li><\/ul><\/div><div class=\"recent-posts-content\"><span class=\"vcard\" style=\"display: none;\"><span class=\"fn\"><a href=\"https:\/\/fecolboccia.co\/index.php\/author\/comunicaciones\/\" title=\"Entradas de Comunicaciones\" rel=\"author\">Comunicaciones<\/a><\/span><\/span><span class=\"updated\" style=\"display:none;\">2023-09-12T10:25:24-05:00<\/span><h4 class=\"entry-title\"><a href=\"https:\/\/fecolboccia.co\/index.php\/2023\/09\/10\/exito-de-colombia-en-la-fortaleza-2023-world-boccia-cup\/\">\u00c9XITO DE COLOMBIA EN LA FORTALEZA 2023 WORLD BOCCIA CUP<\/a><\/h4><p class=\"meta\"><span class=\"vcard\" style=\"display: none;\"><span class=\"fn\"><a href=\"https:\/\/fecolboccia.co\/index.php\/author\/comunicaciones\/\" title=\"Entradas de Comunicaciones\" rel=\"author\">Comunicaciones<\/a><\/span><\/span><span class=\"updated\" style=\"display:none;\">2023-09-12T10:25:24-05:00<\/span><span>septiembre 10th, 2023<\/span><span class=\"fusion-inline-sep\">|<\/span><span class=\"fusion-comments\"><span>Comentarios desactivados<span class=\"screen-reader-text\"> en \u00c9XITO DE COLOMBIA EN LA FORTALEZA 2023 WORLD BOCCIA CUP<\/span><\/span><\/span><\/p><p> \u00c9XITO DE COLOMBIA EN LA FORTALEZA 2023 WORLD BOCCIA CUP. FORTALEZA 2023 WORLD BOCCIA CUP, que se llev\u00f3 a cabo del 2 al 8 de septiembre en Brasil, culmin\u00f3 de manera exitosa con una<\/p><\/div><\/article><article class=\"post fusion-column column col col-lg-4 col-md-4 col-sm-4\"><div class=\"fusion-flexslider fusion-flexslider-loading flexslider flexslider-hover-type-none\"><ul class=\"slides\"><li><a href=\"https:\/\/fecolboccia.co\/index.php\/2023\/09\/06\/medalla-de-oro-y-plata-para-colombia-en-la-categoria-individual-en-fortaleza-2023-world-boccia-cup\/\" aria-label=\"MEDALLA DE ORO Y PLATA PARA COLOMBIA EN LA CATEGOR\u00cdA INDIVIDUAL EN FORTALEZA 2023 WORLD BOCCIA CUP.\" class=\"hover-type-none\"><img decoding=\"async\" width=\"700\" height=\"441\" src=\"https:\/\/fecolboccia.co\/wp-content\/uploads\/2023\/09\/WhatsApp-Image-2023-09-07-at-08.00.37-700x441.jpeg\" class=\"attachment-recent-posts size-recent-posts lazyload\" alt=\"\" srcset=\"data:image\/svg+xml,%3Csvg%20xmlns%3D%27http%3A%2F%2Fwww.w3.org%2F2000%2Fsvg%27%20width%3D%271440%27%20height%3D%27963%27%20viewBox%3D%270%200%201440%20963%27%3E%3Crect%20width%3D%271440%27%20height%3D%27963%27%20fill-opacity%3D%220%22%2F%3E%3C%2Fsvg%3E\" data-orig-src=\"https:\/\/fecolboccia.co\/wp-content\/uploads\/2023\/09\/WhatsApp-Image-2023-09-07-at-08.00.37-700x441.jpeg\" data-srcset=\"https:\/\/fecolboccia.co\/wp-content\/uploads\/2023\/09\/WhatsApp-Image-2023-09-07-at-08.00.37-320x202.jpeg 320w, https:\/\/fecolboccia.co\/wp-content\/uploads\/2023\/09\/WhatsApp-Image-2023-09-07-at-08.00.37-700x441.jpeg 700w\" data-sizes=\"auto\" \/><\/a><\/li><\/ul><\/div><div class=\"recent-posts-content\"><span class=\"vcard\" style=\"display: none;\"><span class=\"fn\"><a href=\"https:\/\/fecolboccia.co\/index.php\/author\/master\/\" title=\"Entradas de Master\" rel=\"author\">Master<\/a><\/span><\/span><span class=\"updated\" style=\"display:none;\">2023-09-11T14:44:19-05:00<\/span><h4 class=\"entry-title\"><a href=\"https:\/\/fecolboccia.co\/index.php\/2023\/09\/06\/medalla-de-oro-y-plata-para-colombia-en-la-categoria-individual-en-fortaleza-2023-world-boccia-cup\/\">MEDALLA DE ORO Y PLATA PARA COLOMBIA EN LA CATEGOR\u00cdA INDIVIDUAL EN FORTALEZA 2023 WORLD BOCCIA CUP.<\/a><\/h4><p class=\"meta\"><span class=\"vcard\" style=\"display: none;\"><span class=\"fn\"><a href=\"https:\/\/fecolboccia.co\/index.php\/author\/master\/\" title=\"Entradas de Master\" rel=\"author\">Master<\/a><\/span><\/span><span class=\"updated\" style=\"display:none;\">2023-09-11T14:44:19-05:00<\/span><span>septiembre 6th, 2023<\/span><span class=\"fusion-inline-sep\">|<\/span><span class=\"fusion-comments\"><span>Comentarios desactivados<span class=\"screen-reader-text\"> en MEDALLA DE ORO Y PLATA PARA COLOMBIA EN LA CATEGOR\u00cdA INDIVIDUAL EN FORTALEZA 2023 WORLD BOCCIA CUP.<\/span><\/span><\/span><\/p><p> MEDALLA DE ORO Y PLATA PARA COLOMBIA EN LA CATEGOR\u00cdA INDIVIDUAL EN FORTALEZA 2023 WORLD BOCCIA CUP. La selecci\u00f3n Colombia de boccia ha demostrado su excelencia en la World Boccia Cup 2023, celebrada en<\/p><\/div><\/article><article class=\"post fusion-column column col col-lg-4 col-md-4 col-sm-4\"><div class=\"fusion-flexslider fusion-flexslider-loading flexslider flexslider-hover-type-none\"><ul class=\"slides\"><li><a href=\"https:\/\/fecolboccia.co\/index.php\/2023\/08\/24\/la-seleccion-colombiana-de-boccia-se-prepara-para-fortaleza-2023-world-boccia-cup\/\" aria-label=\"LA SELECCI\u00d3N COLOMBIANA DE BOCCIA SE PREPARA PARA FORTALEZA 2023 WORLD BOCCIA CUP\" class=\"hover-type-none\"><img decoding=\"async\" width=\"578\" height=\"299\" src=\"https:\/\/fecolboccia.co\/wp-content\/uploads\/2023\/08\/Coliseo-Miguel-Calero.png\" class=\"attachment-recent-posts size-recent-posts lazyload\" alt=\"\" srcset=\"data:image\/svg+xml,%3Csvg%20xmlns%3D%27http%3A%2F%2Fwww.w3.org%2F2000%2Fsvg%27%20width%3D%27578%27%20height%3D%27299%27%20viewBox%3D%270%200%20578%20299%27%3E%3Crect%20width%3D%27578%27%20height%3D%27299%27%20fill-opacity%3D%220%22%2F%3E%3C%2Fsvg%3E\" data-orig-src=\"https:\/\/fecolboccia.co\/wp-content\/uploads\/2023\/08\/Coliseo-Miguel-Calero.png\" data-srcset=\"https:\/\/fecolboccia.co\/wp-content\/uploads\/2023\/08\/Coliseo-Miguel-Calero-200x103.png 200w, https:\/\/fecolboccia.co\/wp-content\/uploads\/2023\/08\/Coliseo-Miguel-Calero-300x155.png 300w, https:\/\/fecolboccia.co\/wp-content\/uploads\/2023\/08\/Coliseo-Miguel-Calero-400x207.png 400w, https:\/\/fecolboccia.co\/wp-content\/uploads\/2023\/08\/Coliseo-Miguel-Calero.png 578w\" data-sizes=\"auto\" \/><\/a><\/li><\/ul><\/div><div class=\"recent-posts-content\"><span class=\"vcard\" style=\"display: none;\"><span class=\"fn\"><a href=\"https:\/\/fecolboccia.co\/index.php\/author\/master\/\" title=\"Entradas de Master\" rel=\"author\">Master<\/a><\/span><\/span><span class=\"updated\" style=\"display:none;\">2023-08-24T08:54:21-05:00<\/span><h4 class=\"entry-title\"><a href=\"https:\/\/fecolboccia.co\/index.php\/2023\/08\/24\/la-seleccion-colombiana-de-boccia-se-prepara-para-fortaleza-2023-world-boccia-cup\/\">LA SELECCI\u00d3N COLOMBIANA DE BOCCIA SE PREPARA PARA FORTALEZA 2023 WORLD BOCCIA CUP<\/a><\/h4><p class=\"meta\"><span class=\"vcard\" style=\"display: none;\"><span class=\"fn\"><a href=\"https:\/\/fecolboccia.co\/index.php\/author\/master\/\" title=\"Entradas de Master\" rel=\"author\">Master<\/a><\/span><\/span><span class=\"updated\" style=\"display:none;\">2023-08-24T08:54:21-05:00<\/span><span>agosto 24th, 2023<\/span><span class=\"fusion-inline-sep\">|<\/span><span class=\"fusion-comments\"><span>Comentarios desactivados<span class=\"screen-reader-text\"> en LA SELECCI\u00d3N COLOMBIANA DE BOCCIA SE PREPARA PARA FORTALEZA 2023 WORLD BOCCIA CUP<\/span><\/span><\/span><\/p><p><\/p><p>LA SELECCI\u00d3N COLOMBIANA DE BOCCIA SE PREPARA PARA FORTALEZA 2023 WORLD BOCCIA CUP La selecci\u00f3n nacional se encuentra en concentraci\u00f3n en la ciudad de Cali prepar\u00e1ndose para su participaci\u00f3n en la ciudad de Fortaleza, pa\u00eds<\/p><\/div><\/article><article class=\"post fusion-column column col col-lg-4 col-md-4 col-sm-4\"><div class=\"fusion-flexslider fusion-flexslider-loading flexslider flexslider-hover-type-none\"><ul class=\"slides\"><li><a href=\"https:\/\/fecolboccia.co\/index.php\/2023\/07\/02\/exito-historico-el-equipo-colombiano-de-boccia-triunfa-en-el-world-boccia-challenger-de-santiago\/\" aria-label=\"\u00c9xito hist\u00f3rico: el equipo colombiano de boccia triunfa en el world boccia challenger de Santiago\" class=\"hover-type-none\"><img decoding=\"async\" width=\"700\" height=\"441\" src=\"https:\/\/fecolboccia.co\/wp-content\/uploads\/2023\/07\/WBCS18-700x441.jpg\" class=\"attachment-recent-posts size-recent-posts lazyload\" alt=\"\" srcset=\"data:image\/svg+xml,%3Csvg%20xmlns%3D%27http%3A%2F%2Fwww.w3.org%2F2000%2Fsvg%27%20width%3D%27900%27%20height%3D%27600%27%20viewBox%3D%270%200%20900%20600%27%3E%3Crect%20width%3D%27900%27%20height%3D%27600%27%20fill-opacity%3D%220%22%2F%3E%3C%2Fsvg%3E\" data-orig-src=\"https:\/\/fecolboccia.co\/wp-content\/uploads\/2023\/07\/WBCS18-700x441.jpg\" data-srcset=\"https:\/\/fecolboccia.co\/wp-content\/uploads\/2023\/07\/WBCS18-320x202.jpg 320w, https:\/\/fecolboccia.co\/wp-content\/uploads\/2023\/07\/WBCS18-700x441.jpg 700w\" data-sizes=\"auto\" \/><\/a><\/li><\/ul><\/div><div class=\"recent-posts-content\"><span class=\"vcard\" style=\"display: none;\"><span class=\"fn\"><a href=\"https:\/\/fecolboccia.co\/index.php\/author\/master\/\" title=\"Entradas de Master\" rel=\"author\">Master<\/a><\/span><\/span><span class=\"updated\" style=\"display:none;\">2023-08-22T20:36:52-05:00<\/span><h4 class=\"entry-title\"><a href=\"https:\/\/fecolboccia.co\/index.php\/2023\/07\/02\/exito-historico-el-equipo-colombiano-de-boccia-triunfa-en-el-world-boccia-challenger-de-santiago\/\">\u00c9xito hist\u00f3rico: el equipo colombiano de boccia triunfa en el world boccia challenger de Santiago<\/a><\/h4><p class=\"meta\"><span class=\"vcard\" style=\"display: none;\"><span class=\"fn\"><a href=\"https:\/\/fecolboccia.co\/index.php\/author\/master\/\" title=\"Entradas de Master\" rel=\"author\">Master<\/a><\/span><\/span><span class=\"updated\" style=\"display:none;\">2023-08-22T20:36:52-05:00<\/span><span>julio 2nd, 2023<\/span><span class=\"fusion-inline-sep\">|<\/span><span class=\"fusion-comments\"><span>Comentarios desactivados<span class=\"screen-reader-text\"> en \u00c9xito hist\u00f3rico: el equipo colombiano de boccia triunfa en el world boccia challenger de Santiago<\/span><\/span><\/span><\/p><p><\/p><p>\u00c9xito hist\u00f3rico: el equipo colombiano de boccia triunfa en el world boccia challenger de Santiago \u00a0El equipo colombiano de Boccia ha dejado una marca indeleble en el escenario internacional al culminar una participaci\u00f3n excepcional en<\/p><\/div><\/article><article class=\"post fusion-column column col col-lg-4 col-md-4 col-sm-4\"><div class=\"fusion-flexslider fusion-flexslider-loading flexslider flexslider-hover-type-none\"><ul class=\"slides\"><li><a href=\"https:\/\/fecolboccia.co\/index.php\/2023\/06\/15\/culmino-con-exito-la-participacion-en-los-juegos-parapanamericanos-junior-bogota-2023\/\" aria-label=\"Culmino con exito la participaci\u00f3n en los Juegos Parapanamericanos Junior Bogot\u00e1 2023\" class=\"hover-type-none\"><img decoding=\"async\" width=\"700\" height=\"441\" src=\"https:\/\/fecolboccia.co\/wp-content\/uploads\/2023\/04\/Seleccion-Colombia-Juvenil-2023-700x441.jpg\" class=\"attachment-recent-posts size-recent-posts lazyload\" alt=\"\" srcset=\"data:image\/svg+xml,%3Csvg%20xmlns%3D%27http%3A%2F%2Fwww.w3.org%2F2000%2Fsvg%27%20width%3D%271440%27%20height%3D%27810%27%20viewBox%3D%270%200%201440%20810%27%3E%3Crect%20width%3D%271440%27%20height%3D%27810%27%20fill-opacity%3D%220%22%2F%3E%3C%2Fsvg%3E\" data-orig-src=\"https:\/\/fecolboccia.co\/wp-content\/uploads\/2023\/04\/Seleccion-Colombia-Juvenil-2023-700x441.jpg\" data-srcset=\"https:\/\/fecolboccia.co\/wp-content\/uploads\/2023\/04\/Seleccion-Colombia-Juvenil-2023-320x202.jpg 320w, https:\/\/fecolboccia.co\/wp-content\/uploads\/2023\/04\/Seleccion-Colombia-Juvenil-2023-700x441.jpg 700w\" data-sizes=\"auto\" \/><\/a><\/li><\/ul><\/div><div class=\"recent-posts-content\"><span class=\"vcard\" style=\"display: none;\"><span class=\"fn\"><a href=\"https:\/\/fecolboccia.co\/index.php\/author\/master\/\" title=\"Entradas de Master\" rel=\"author\">Master<\/a><\/span><\/span><span class=\"updated\" style=\"display:none;\">2023-08-22T20:25:25-05:00<\/span><h4 class=\"entry-title\"><a href=\"https:\/\/fecolboccia.co\/index.php\/2023\/06\/15\/culmino-con-exito-la-participacion-en-los-juegos-parapanamericanos-junior-bogota-2023\/\">Culmino con exito la participaci\u00f3n en los Juegos Parapanamericanos Junior Bogot\u00e1 2023<\/a><\/h4><p class=\"meta\"><span class=\"vcard\" style=\"display: none;\"><span class=\"fn\"><a href=\"https:\/\/fecolboccia.co\/index.php\/author\/master\/\" title=\"Entradas de Master\" rel=\"author\">Master<\/a><\/span><\/span><span class=\"updated\" style=\"display:none;\">2023-08-22T20:25:25-05:00<\/span><span>junio 15th, 2023<\/span><span class=\"fusion-inline-sep\">|<\/span><span class=\"fusion-comments\"><span>Comentarios desactivados<span class=\"screen-reader-text\"> en Culmino con exito la participaci\u00f3n en los Juegos Parapanamericanos Junior Bogot\u00e1 2023<\/span><\/span><\/span><\/p><p><\/p><p>Culmin\u00f3 con \u00e9xito la participaci\u00f3n en los Juegos Parapanamericanos Junior Bogot\u00e1 2023  Selecci\u00f3n Colombia de boccia juvenil y el staff que participo en #Bogota2023  La selecci\u00f3n Colombia juvenil de boccia culmin\u00f3 su participaci\u00f3n<\/p><\/div><\/article><\/section><\/div><\/div><\/div><\/div><\/div><\/p>\n","protected":false},"excerpt":{"rendered":"","protected":false},"author":1,"featured_media":0,"parent":0,"menu_order":0,"comment_status":"closed","ping_status":"closed","template":"100-width.php","meta":{"footnotes":""},"class_list":["post-19","page","type-page","status-publish","hentry"],"_links":{"self":[{"href":"https:\/\/fecolboccia.co\/index.php\/wp-json\/wp\/v2\/pages\/19","targetHints":{"allow":["GET"]}}],"collection":[{"href":"https:\/\/fecolboccia.co\/index.php\/wp-json\/wp\/v2\/pages"}],"about":[{"href":"https:\/\/fecolboccia.co\/index.php\/wp-json\/wp\/v2\/types\/page"}],"author":[{"embeddable":true,"href":"https:\/\/fecolboccia.co\/index.php\/wp-json\/wp\/v2\/users\/1"}],"replies":[{"embeddable":true,"href":"https:\/\/fecolboccia.co\/index.php\/wp-json\/wp\/v2\/comments?post=19"}],"version-history":[{"count":4,"href":"https:\/\/fecolboccia.co\/index.php\/wp-json\/wp\/v2\/pages\/19\/revisions"}],"predecessor-version":[{"id":3896,"href":"https:\/\/fecolboccia.co\/index.php\/wp-json\/wp\/v2\/pages\/19\/revisions\/3896"}],"wp:attachment":[{"href":"https:\/\/fecolboccia.co\/index.php\/wp-json\/wp\/v2\/media?parent=19"}],"curies":[{"name":"wp","href":"https:\/\/api.w.org\/{rel}","templated":true}]}}